44 a factor of 98239767?
False
Is 17944060 a multiple of 164?
True
Is 15166374 a multiple of 222?
True
Does 782 divide 2808786?
False
Is 33 a factor of 316799505?
True
Is 281 a factor of 19463465?
True
Does 41 divide 201597492?
True
Is 74906084 a multiple of 1193?
True
Is 1843343670 a multiple of 46?
False
Does 134 divide 1972900513?
False
Is 194928420 a multiple of 105?
False
Is 548380066 a multiple of 26?
True
Is 1964030 a multiple of 17?
False
Is 46857015 a multiple of 3603?
True
Is 12 a factor of 10449372?
True
Does 81 divide 988052742?
True
Does 43 divide 233491720?
True
Is 3266884588 a multiple of 21?
False
Does 380 divide 179011160?
True
Is 56 a factor of 302834672?
True
Is 2651217 a multiple of 197?
False
Does 74 divide 106465946?
True
Is 10 a factor of 72708520?
True
Does 67 divide 156189060?
True
Is 1084 a factor of 41487657?
False
Does 178 divide 380654958?
True
Is 15 a factor of 61046975?
False
Is 10038531 a multiple of 64?
False
Is 83 a factor of 3905534945?
False
Is 40 a factor of 64780640?
True
Is 7117842 a multiple of 381?
True
Is 2895838668 a multiple of 2094?
True
Is 311 a factor of 816500221?
False
Is 14 a factor of 62831916?
True
Is 9666742 a multiple of 196?
False
Is 12075291 a multiple of 9?
True
Does 397 divide 58209111?
False
Is 73 a factor of 10289496?
True
Is 75 a factor of 131136390?
False
Does 1073 divide 5180444?
True
Is 796860509 a multiple of 105?
False
Does 5283 divide 812488419?
True
Does 20 divide 38278384?
False
Is 15164 a factor of 2467546736?
True
Is 4673 a factor of 269916582?
False
Is 372885264 a multiple of 920?
False
Is 742310688 a multiple of 84?
True
Does 427 divide 1772199003?
False
Is 75863234 a multiple of 133?
False
Does 2708 divide 978929871?
False
Does 19 divide 2643404400?
False
Does 415 divide 173778345?
True
Is 103 a factor of 470302310?
False
Is 90364311 a multiple of 159?
True
Does 518 divide 228017006?
False
Is 59804914 a multiple of 79?
False
Is 11 a factor of 618165394?
True
Is 10768740 a multiple of 20?
True
Is 1717756643 a multiple of 147?
False
Is 3680435998 a multiple of 3436?
False
Does 54 divide 34070163?
False
Does 19 divide 6866415?
False
Is 3 a factor of 118282440?
True
Does 1082 divide 8264316?
True
Does 1287 divide 18911178?
True
Is 27 a factor of 1690236556?
False
Is 591 a factor of 2376944673?
True
Is 490 a factor of 710935211?
False
Does 199 divide 63513437?
True
Is 83306203 a multiple of 12?
False
Is 88312427 a multiple of 73?
False
Is 91589408 a multiple of 141?
False
Does 159 divide 830118906?
False
Is 699356598 a multiple of 2337?
True
Is 86 a factor of 601656?
True
Does 24 divide 612717733?
False
Is 63 a factor of 1379307?
False
Is 698536320 a multiple of 320?
True
Does 49 divide 13081334?
True
Is 59647464 a multiple of 69?
True
Is 106 a factor of 48787336?
False
Does 9838 divide 590220972?
True
Does 27 divide 38909268?
True
Does 31 divide 244607201?
False
Is 115 a factor of 191465901?
False
Is 128475214 a multiple of 78?
False
Is 1105709170 a multiple of 1257?
False
Is 23 a factor of 41317177?
True
Is 162588946 a multiple of 718?
True
Is 3271686 a multiple of 38?
True
Is 103013690 a multiple of 18?
False
Does 1668 divide 1541485536?
True
Does 1088 divide 908082880?
True
Is 2720376190 a multiple of 35?
True
Does 2 divide 11315194?
True
Is 1202 a factor of 16436148?
True
Is 342007 a multiple of 11?
False
Is 195372744 a multiple of 1893?
True
Is 32 a factor of 51314304?
True
Is 739 a factor of 37643921?
True
Does 12 divide 638815572?
True
Is 9 a factor of 19671331?
False
Does 923 divide 31743439?
False
Does 16 divide 83807952?
True
Does 144 divide 197498592?
True
Is 5 a factor of 1067778590?
True
Does 4533 divide 220490283?
False
Is 19602324 a multiple of 4?
True
Is 300 a factor of 80318301?
False
Does 2 divide 40536287?
False
Is 34 a factor of 160074754?
True
Is 6 a factor of 12560899?
False
Is 10 a factor of 175355728?
False
Is 9040764 a multiple of 1822?
True
Does 5 divide 3476543?
False
Is 18791223 a multiple of 24?
False
Does 29 divide 18650509?
True
Does 799 divide 26085189?
False
Is 8102760 a multiple of 10?
True
Is 13 a factor of 2278390662?
False
Does 32 divide 3091164600?
False
Is 48561000 a multiple of 15?
True
Does 641 divide 1805600006?
False
Is 37244892 a multiple of 12?
True
Does 8 divide 367522160?
True
Is 5 a factor of 781742198?
False
Is 517 a factor of 6604728441?
False
Is 35 a factor of 18056220?
True
Is 6 a factor of 1560948978?
True
Is 2424 a factor of 5660218?
False
Does 2898 divide 446037594?
False
Is 428 a factor of 1133888416?
True
Is 339 a factor of 147857223?
True
Is 13 a factor of 2727700918?
False
Is 1442989526 a multiple of 1342?
True
Does 200 divide 225859000?
True
Is 28254642 a multiple of 4?
False
Does 58 divide 60380831?
False
Does 103 divide 52252610?
False
Is 29 a factor of 43572210?
True
Is 77855960 a multiple of 130?
True
Does 479 divide 7814749?
False
Is 171636 a multiple of 12?
True
Is 2558 a factor of 47581358?
True
Does 609 divide 497651049?
True
Is 1764151361 a multiple of 392?
False
Is 15 a factor of 66695220?
True
Is 26273060 a multiple of 663?
False
Is 11541334 a multiple of 5?
False
Is 1302 a factor of 171241162?
False
Is 11849002 a multiple of 46?
True
Is 6 a factor of 142473478?
False
Is 25 a factor of 58352650?
True
Does 437 divide 704112317?
True
Does 14 divide 969961468?
True
Does 19 divide 55424429?
False
Does 95 divide 360560245?
True
Does 1476 divide 1710385848?
True
Is 1841348684 a multiple of 14?
True
Is 9 a factor of 49170471?
False
Is 765748 a multiple of 12?
False
Is 475317316 a multiple of 27?
False
Does 2541 divide 3146436447?
True
Is 237530182 a multiple of 126?
False
Is 227 a factor of 21455889?
False
Does 1440 divide 16829280?
True
Is 52 a factor of 3257067892?
True
Does 353 divide 50881067?
True
Does 1283 divide 30558494?
True
Is 371 a factor of 478618947?
False
Does 22 divide 14645048?
True
Does 27 divide 238878693?
True
Does 9 divide 524368018?
False
Is 242369918 a multiple of 387?
False
Is 19023 a factor of 6277171494?
True
Is 3 a factor of 1846467?
True
Does 877 divide 17333593?
False
Does 15 divide 54495345?
True
Is 166615047 a multiple of 19?
True
Is 16127390 a multiple of 38?
True
Does 40 divide 348996840?
True
Is 251864725 a multiple of 335?
True
Does 144 divide 2180375331?
False
Is 347627087 a multiple of 255?
False
Is 706978982 a multiple of 380?
False
Does 207 divide 405007818?
False
Is 1666152203 a multiple of 26?
False
Does 29 divide 39545270?
True
Is 643 a factor of 340930249?
False
Is 1113911062 a multiple of 209?
True
Does 12 divide 17911680?
True
Is 62517260 a multiple of 10?
True
Is 251 a factor of 2033700826?
False
Does 12 divide 1991128688?
False
Is 95540764 a multiple of 197?
False
Is 3609 a factor of 308316870?
True
Is 22199630 a multiple of 10?
True
Is 22912692 a multiple of 64?
False
Is 216 a factor of 46560411?
False
Is 105901819 a multiple of 103?
True
Is 11868660 a multiple of 180?
True
Does 32 divide 856183648?
True
Is 129477406 a multiple of 50?
False
Is 228429011 a multiple of 773?
False
Does 337 divide 80399101?
True
Does 54 divide 207948207?
False
Is 70904478 a multiple of 771?
False
Does 1780 divide 706494460?
True
Does 9 divide 9574358?
False
Is 534 a factor of 22849075?
False
Is 1509 a factor of 266954172?
True
Does 5799 divide 2388913735?
False
Does 567 divide 1976794989?
False
Does 2277 divide 15674868?
True
Is 518448372 a multiple of 843?
True
Is 21270480 a multiple of 161?
False
Is 1181266311 a multiple of 16?
False
Is 90 a factor of 171570771?
False
Is 15 a factor of 1881619?
False
Is 29886982 a multiple of 23?
True
Is 1643837103 a multiple of 153?
False
Is 49532040 a multiple of 27?
True
Is 3960 a factor of 577498680?
True
Is 1070 a factor of 5897296244?
False
Is 10 a factor of 2074128014?
False
Is 6314246485 a multiple of 35?
False
Is 328 a factor of 158128800?
True
Does 55 divide 30848677?
False
Is 34 a factor of 382141810?
True
Is 2315939811 a multiple of 5498?
False
Does 24 divide 22764248?
False
Is 65 a factor of 72607340?
True
Is 106819967 a multiple of 132?
False
Is 330568273 a multiple of 3?
False
Is 621 a factor of 521036537?
False
Is 5 a factor of 15837599?
False
Is 258544737 a multiple of 33?
True
Does 128 divide 59752320?
True
Is 16057707 a multipl